{"id":887,"date":"2025-07-12T12:24:11","date_gmt":"2025-07-12T15:24:11","guid":{"rendered":"https:\/\/hygrossystems.com\/?page_id=887"},"modified":"2025-12-19T09:47:15","modified_gmt":"2025-12-19T12:47:15","slug":"cavas","status":"publish","type":"page","link":"https:\/\/hygrossystems.com\/index.php\/cavas\/","title":{"rendered":"Cavas"},"content":{"rendered":"\t\t<div data-elementor-type=\"wp-page\" data-elementor-id=\"887\" class=\"elementor elementor-887\" data-elementor-post-type=\"page\">\n\t\t\t\t<div class=\"elementor-element elementor-element-5595fdaa e-flex e-con-boxed e-con e-parent\" data-id=\"5595fdaa\" data-element_type=\"container\">\n\t\t\t\t\t<div class=\"e-con-inner\">\n\t\t<div class=\"elementor-element elementor-element-e0cf969 e-con-full e-flex e-con e-child\" data-id=\"e0cf969\" data-element_type=\"container\">\n\t\t\t\t<div class=\"elementor-element elementor-element-6f551657 elementor-widget elementor-widget-heading\" data-id=\"6f551657\" data-element_type=\"widget\" data-widget_type=\"heading.default\">\n\t\t\t\t<div class=\"elementor-widget-container\">\n\t\t\t\t\t<h2 class=\"elementor-heading-title elementor-size-default\">El lujo del paso del tiempo, optimizado<\/h2>\t\t\t\t<\/div>\n\t\t\t\t<\/div>\n\t\t\t\t<\/div>\n\t\t<div class=\"elementor-element elementor-element-4b16f3a e-con-full e-flex e-con e-child\" data-id=\"4b16f3a\" data-element_type=\"container\">\n\t\t\t\t<div class=\"elementor-element elementor-element-4416e2d6 elementor-widget elementor-widget-text-editor\" data-id=\"4416e2d6\" data-element_type=\"widget\" data-widget_type=\"text-editor.default\">\n\t\t\t\t<div class=\"elementor-widget-container\">\n\t\t\t\t\t\t\t\t\t<p>Las cavas Hygros son gabinetes climatizados de alta precisi\u00f3n dise\u00f1ados espec\u00edficamente para la conservaci\u00f3n \u00f3ptima de puros.<\/p>\t\t\t\t\t\t\t\t<\/div>\n\t\t\t\t<\/div>\n\t\t\t\t<\/div>\n\t\t<div class=\"elementor-element elementor-element-553285e8 e-con-full e-flex e-con e-child\" data-id=\"553285e8\" data-element_type=\"container\">\n\t\t\t\t<div class=\"elementor-element elementor-element-5239b548 elementor-widget elementor-widget-text-editor\" data-id=\"5239b548\" data-element_type=\"widget\" data-widget_type=\"text-editor.default\">\n\t\t\t\t<div class=\"elementor-widget-container\">\n\t\t\t\t\t\t\t\t\t<p>Fabricadas con acero inoxidable pulido y detalles en cedro espa\u00f1ol, combinan tecnolog\u00eda avanzada y est\u00e9tica de lujo para garantizar que cada cigarro mantenga intactas sus propiedades organol\u00e9pticas con el paso del tiempo.<\/p>\t\t\t\t\t\t\t\t<\/div>\n\t\t\t\t<\/div>\n\t\t\t\t<\/div>\n\t\t<div class=\"elementor-element elementor-element-7b9a1d49 e-con-full e-flex e-con e-child\" data-id=\"7b9a1d49\" data-element_type=\"container\">\n\t\t\t\t<div class=\"elementor-element elementor-element-5cb0dfc6 elementor-widget elementor-widget-heading\" data-id=\"5cb0dfc6\" data-element_type=\"widget\" data-widget_type=\"heading.default\">\n\t\t\t\t<div class=\"elementor-widget-container\">\n\t\t\t\t\t<h5 class=\"elementor-heading-title elementor-size-default\">\u00bfQu\u00e9 hace especial a las cavas?<\/h5>\t\t\t\t<\/div>\n\t\t\t\t<\/div>\n\t\t\t\t<div class=\"elementor-element elementor-element-1bac3131 elementor-widget elementor-widget-text-editor\" data-id=\"1bac3131\" data-element_type=\"widget\" data-widget_type=\"text-editor.default\">\n\t\t\t\t<div class=\"elementor-widget-container\">\n\t\t\t\t\t\t\t\t\t<p>Su sistema de doble n\u00facleo de refrigeraci\u00f3n y control digital LCD regula tanto la temperatura (16 \u00b0C a 22 \u00b0C) como la humedad (entre 60 % y 75 % con una precisi\u00f3n de \u00b11 %), evitando fluctuaciones que puedan da\u00f1ar el tabaco. Gracias a esta estabilidad, los puros no solo se conservan, sino que tambi\u00e9n maduran y desarrollan su sabor de forma controlada, tal como lo har\u00edan en un humidor tradicional de alta gama, pero con un nivel de precisi\u00f3n imposible de lograr de manera manual.<\/p>\t\t\t\t\t\t\t\t<\/div>\n\t\t\t\t<\/div>\n\t\t\t\t<div class=\"elementor-element elementor-element-4fb8391 elementor-widget elementor-widget-text-editor\" data-id=\"4fb8391\" data-element_type=\"widget\" data-widget_type=\"text-editor.default\">\n\t\t\t\t<div class=\"elementor-widget-container\">\n\t\t\t\t\t\t\t\t\t<p>Est\u00e1n disponibles en diferentes capacidades, desde modelos para 500-600 puros hasta versiones de gran formato para 3.200 unidades, lo que las hace ideales tanto para coleccionistas privados como para clubes de habanos, lounges o negocios especializados. Su dise\u00f1o elegante \u2014en acabados como negro, dorado o madera\u2014 las convierte en verdaderas piezas decorativas que se integran perfectamente en ambientes de lujo.<\/p>\t\t\t\t\t\t\t\t<\/div>\n\t\t\t\t<\/div>\n\t\t\t\t<\/div>\n\t\t<div class=\"elementor-element elementor-element-44a763e e-con-full e-flex e-con e-child\" data-id=\"44a763e\" data-element_type=\"container\">\n\t\t\t\t<div class=\"elementor-element elementor-element-46651a5 elementor-widget elementor-widget-heading\" data-id=\"46651a5\" data-element_type=\"widget\" data-widget_type=\"heading.default\">\n\t\t\t\t<div class=\"elementor-widget-container\">\n\t\t\t\t\t<h5 class=\"elementor-heading-title elementor-size-default\">\u00bfPor qu\u00e9 elegir una cava Hygros?<\/h5>\t\t\t\t<\/div>\n\t\t\t\t<\/div>\n\t\t\t\t<div class=\"elementor-element elementor-element-10464e3 elementor-widget elementor-widget-text-editor\" data-id=\"10464e3\" data-element_type=\"widget\" data-widget_type=\"text-editor.default\">\n\t\t\t\t<div class=\"elementor-widget-container\">\n\t\t\t\t\t\t\t\t\t<ul><li>Protecci\u00f3n total contra da\u00f1os por humedad o temperatura inadecuada<\/li><li>Maduraci\u00f3n controlada que realza la experiencia de fumado<\/li><li>Capacidad a medida seg\u00fan tu colecci\u00f3n<\/li><li>Dise\u00f1o sofisticado que suma valor est\u00e9tico a cualquier espacio<\/li><li>Durabilidad y calidad respaldadas por materiales premium como acero inoxidable anti-huellas y cedro espa\u00f1ol.<\/li><\/ul>\t\t\t\t\t\t\t\t<\/div>\n\t\t\t\t<\/div>\n\t\t\t\t<\/div>\n\t\t<div class=\"elementor-element elementor-element-57b315e e-con-full e-flex e-con e-child\" data-id=\"57b315e\" data-element_type=\"container\">\n\t\t\t\t<div class=\"elementor-element elementor-element-bfbab93 elementor-widget elementor-widget-text-editor\" data-id=\"bfbab93\" data-element_type=\"widget\" data-widget_type=\"text-editor.default\">\n\t\t\t\t<div class=\"elementor-widget-container\">\n\t\t\t\t\t\t\t\t\t<p>En pocas palabras, una cava Hygros no es solo un lugar para guardar puros, sino un santuario que los cuida, respeta y eleva su valor\u00a0con\u00a0el\u00a0tiempo.<\/p>\t\t\t\t\t\t\t\t<\/div>\n\t\t\t\t<\/div>\n\t\t\t\t<\/div>\n\t\t<div class=\"elementor-element elementor-element-1cc535aa e-con-full e-flex e-con e-child\" data-id=\"1cc535aa\" data-element_type=\"container\">\n\t\t\t\t<div class=\"elementor-element elementor-element-7ae60a49 elementor-widget elementor-widget-heading\" data-id=\"7ae60a49\" data-element_type=\"widget\" data-widget_type=\"heading.default\">\n\t\t\t\t<div class=\"elementor-widget-container\">\n\t\t\t\t\t<h2 class=\"elementor-heading-title elementor-size-default\">Viv\u00ed Hygros<\/h2>\t\t\t\t<\/div>\n\t\t\t\t<\/div>\n\t\t\t\t<\/div>\n\t\t<div class=\"elementor-element elementor-element-36fa7b76 e-con-full e-flex e-con e-child\" data-id=\"36fa7b76\" data-element_type=\"container\">\n\t\t<div class=\"elementor-element elementor-element-4922131b e-con-full e-flex e-con e-child\" data-id=\"4922131b\" data-element_type=\"container\">\n\t\t\t\t<div class=\"elementor-element elementor-element-31b840da elementor-cta--skin-classic elementor-animated-content elementor-bg-transform elementor-bg-transform-zoom-in elementor-widget elementor-widget-call-to-action\" data-id=\"31b840da\" data-element_type=\"widget\" data-widget_type=\"call-to-action.default\">\n\t\t\t\t<div class=\"elementor-widget-container\">\n\t\t\t\t\t\t\t<div class=\"elementor-cta\">\n\t\t\t\t\t<div class=\"elementor-cta__bg-wrapper\">\n\t\t\t\t<div class=\"elementor-cta__bg elementor-bg\" style=\"background-image: url(https:\/\/hygrossystems.com\/wp-content\/uploads\/2025\/07\/PRODUCTOS-17-1024x819.png);\" role=\"img\" aria-label=\"PRODUCTOS-17\"><\/div>\n\t\t\t\t<div class=\"elementor-cta__bg-overlay\"><\/div>\n\t\t\t<\/div>\n\t\t\t\t\t\t\t<div class=\"elementor-cta__content\">\n\t\t\t\t\n\t\t\t\t\t\t\t\t\t<h2 class=\"elementor-cta__title elementor-cta__content-item elementor-content-item\">\n\t\t\t\t\t\tCava Petit\t\t\t\t\t<\/h2>\n\t\t\t\t\n\t\t\t\t\t\t\t\t\t<div class=\"elementor-cta__description elementor-cta__content-item elementor-content-item\">\n\t\t\t\t\t\tIdeal para colecciones peque\u00f1as.\t\t\t\t\t<\/div>\n\t\t\t\t\n\t\t\t\t\t\t\t\t\t<div class=\"elementor-cta__button-wrapper elementor-cta__content-item elementor-content-item \">\n\t\t\t\t\t<a class=\"elementor-cta__button elementor-button elementor-size-\" href=\"https:\/\/vueltabajo.com.ar\/product\/cava-mon800a-gold\/\">\n\t\t\t\t\t\tComprar cava\t\t\t\t\t<\/a>\n\t\t\t\t\t<\/div>\n\t\t\t\t\t\t\t<\/div>\n\t\t\t\t\t\t<\/div>\n\t\t\t\t\t\t<\/div>\n\t\t\t\t<\/div>\n\t\t\t\t<\/div>\n\t\t<div class=\"elementor-element elementor-element-2db9ad27 e-con-full e-flex e-con e-child\" data-id=\"2db9ad27\" data-element_type=\"container\">\n\t\t\t\t<div class=\"elementor-element elementor-element-2b147d5a elementor-cta--skin-classic elementor-animated-content elementor-bg-transform elementor-bg-transform-zoom-in elementor-widget elementor-widget-call-to-action\" data-id=\"2b147d5a\" data-element_type=\"widget\" data-widget_type=\"call-to-action.default\">\n\t\t\t\t<div class=\"elementor-widget-container\">\n\t\t\t\t\t\t\t<div class=\"elementor-cta\">\n\t\t\t\t\t<div class=\"elementor-cta__bg-wrapper\">\n\t\t\t\t<div class=\"elementor-cta__bg elementor-bg\" style=\"background-image: url(https:\/\/hygrossystems.com\/wp-content\/uploads\/2025\/07\/PRODUCTOS-19-1024x819.png);\" role=\"img\" aria-label=\"PRODUCTOS-19\"><\/div>\n\t\t\t\t<div class=\"elementor-cta__bg-overlay\"><\/div>\n\t\t\t<\/div>\n\t\t\t\t\t\t\t<div class=\"elementor-cta__content\">\n\t\t\t\t\n\t\t\t\t\t\t\t\t\t<h2 class=\"elementor-cta__title elementor-cta__content-item elementor-content-item\">\n\t\t\t\t\t\tCava Deluxe\t\t\t\t\t<\/h2>\n\t\t\t\t\n\t\t\t\t\t\t\t\t\t<div class=\"elementor-cta__description elementor-cta__content-item elementor-content-item\">\n\t\t\t\t\t\tEsencial para grandes colecciones.\t\t\t\t\t<\/div>\n\t\t\t\t\n\t\t\t\t\t\t\t\t\t<div class=\"elementor-cta__button-wrapper elementor-cta__content-item elementor-content-item \">\n\t\t\t\t\t<a class=\"elementor-cta__button elementor-button elementor-size-\" href=\"https:\/\/vueltabajo.com.ar\/product\/cava-cd1200-silver\/\">\n\t\t\t\t\t\tComprar cava\t\t\t\t\t<\/a>\n\t\t\t\t\t<\/div>\n\t\t\t\t\t\t\t<\/div>\n\t\t\t\t\t\t<\/div>\n\t\t\t\t\t\t<\/div>\n\t\t\t\t<\/div>\n\t\t\t\t<\/div>\n\t\t\t\t<\/div>\n\t\t\t\t\t<\/div>\n\t\t\t\t<\/div>\n\t\t\t\t<\/div>\n\t\t","protected":false},"excerpt":{"rendered":"<p>El lujo del paso del tiempo, optimizado Las cavas Hygros son gabinetes climatizados de alta precisi\u00f3n dise\u00f1ados espec\u00edficamente para la conservaci\u00f3n \u00f3ptima de puros. Fabricadas con acero inoxidable pulido y detalles en cedro espa\u00f1ol, combinan tecnolog\u00eda avanzada y est\u00e9tica de lujo para garantizar que cada cigarro mantenga intactas sus propiedades organol\u00e9pticas con el paso del [&hellip;]<\/p>\n","protected":false},"author":1,"featured_media":0,"parent":0,"menu_order":0,"comment_status":"closed","ping_status":"closed","template":"elementor_header_footer","meta":{"footnotes":""},"class_list":["post-887","page","type-page","status-publish","hentry"],"aioseo_notices":[],"lang":"es","translations":{"es":887},"pll_sync_post":[],"_links":{"self":[{"href":"https:\/\/hygrossystems.com\/index.php\/wp-json\/wp\/v2\/pages\/887","targetHints":{"allow":["GET"]}}],"collection":[{"href":"https:\/\/hygrossystems.com\/index.php\/wp-json\/wp\/v2\/pages"}],"about":[{"href":"https:\/\/hygrossystems.com\/index.php\/wp-json\/wp\/v2\/types\/page"}],"author":[{"embeddable":true,"href":"https:\/\/hygrossystems.com\/index.php\/wp-json\/wp\/v2\/users\/1"}],"replies":[{"embeddable":true,"href":"https:\/\/hygrossystems.com\/index.php\/wp-json\/wp\/v2\/comments?post=887"}],"version-history":[{"count":16,"href":"https:\/\/hygrossystems.com\/index.php\/wp-json\/wp\/v2\/pages\/887\/revisions"}],"predecessor-version":[{"id":1320,"href":"https:\/\/hygrossystems.com\/index.php\/wp-json\/wp\/v2\/pages\/887\/revisions\/1320"}],"wp:attachment":[{"href":"https:\/\/hygrossystems.com\/index.php\/wp-json\/wp\/v2\/media?parent=887"}],"curies":[{"name":"wp","href":"https:\/\/api.w.org\/{rel}","templated":true}]}}